 - 14) + 12 + (-3 - -4).
15
What is the value of (16 - (1 + 1 - -2)) + -6 + (-10 - 6)?
-10
-32 - (-82 + (67 - -46))
-63
Evaluate -236 + 299 + -88 - (-46 - 0).
21
What is the value of (-6 - (5 + -3)) + 1 + -6 + 11?
-2
What is 6 - 3 - (-13 + -9 + 3 - -13)?
9
What is the value of 80 + (20 - (23 - 4)) + (8 - 11)?
78
What is -19 + (96 - 113 - (-2 + -2))?
-32
What is -7 + (180 - 12) + -12 + (-12 - -24 - 21)?
140
Calculate (-5 + 13 - 15) + 1.
-6
33 - (-8 + (-21 - -35) + -15)
42
What is the value of (0 - -1) + (18 - 15) - (28 + 23)?
-47
(47 + -1 + -11 - 7) + 4 - -13
45
What is (-3239 - -3336) + -1 + -169?
-73
73 - (31 + -51 + 7)
86
What is (-3 - (20 + -18 - 7)) + 31?
33
Calculate -170 + 48 + -20 + 74.
-68
-3 + (7 - 0) - (-15 + (6 - 16) + 53)
-24
Evaluate -46 + -30 + 17 + -20 - (-2 - -8 - 2).
-83
What is -1 + -8 - (6 - (21 - (-3 - -15)))?
-6
Calculate 1 - 59 - (-7287 + 7166).
63
Evaluate -16 - -22 - ((1 - (-9 - -1)) + -14).
11
Calculate 91 + -35 + 31 - ((-5 - 5) + -3).
100
What is the value of (-2 - 115) + 1422 + -1314?
-9
-1 + 2 - ((36 - 34 - (1 + -11)) + 51)
-62
Evaluate 6 + 3 + ((64 - 19) + 8 - (8 + -12)).
66
What is (-38 + 40 - (-37 + 10)) + 1?
30
Calculate (-39 - 27) + 14 - -38.
-14
What is the value of -1215 + 1272 + (-2 - 71)?
-16
What is the value of 648 + -619 - (-5 - -2 - -64)?
-32
Evaluate (-76 - -73 - (-40 - 0)) + -57 + 61.
41
(-1 - -5) + -25 + 55 + -2
32
What is (12 - 19 - (-86 - -14)) + (3 - -3) + 2?
73
What is the value of 1 + (-15 - (-4 + 2 - 4)) + -155 + 108?
-55
What is -25 - (7 + -32 + -27)?
27
0 + (-63 - -86 - -2)
25
Calculate 64 + (18 - -5 - (44 + -2)).
45
(-1 - (-9 + 4)) + 64 + -78 - 7
-17
(36 - 2) + -16 + -6 - 3
9
Calculate -2 - 11 - (16 + 0 + 673 + -698).
-4
What is -150 - -228 - 90 - (75 + -1)?
-86
Calculate -77 + 49 + -63 + 121.
30
Evaluate -1 + 1 + -5 + (251 - (203 - -50)).
-7
Evaluate -32 - -48 - -41 - 70.
-13
43 + (-1 - 49) + 45
38
Calculate -5 + (2 - 0) + (-2485 - -2469).
-19
Calculate (45 - 78 - -52) + (-1 - -6) - -6.
30
Calculate (0 - 3) + -3 - (-34 + 6 + -9).
31
What is (10 - (8 + -27)) + -19 - (-7 + -3)?
20
Calculate (0 - (-16 - -8)) + -12 + -12.
-16
What is the value of 10 + 0 + (1 - -11 - (12 + -75 + 11))?
74
Evaluate 84 - (8 + -5) - (6 + (-1 - 5)).
81
Calculate -30 - ((-2 - -29) + -4 - 12).
-41
Calculate 26 - (-4 + -1 + -7 + (31 - (-8 - -20))).
19
What is the value of (-5 + 5 - 0) + -12 - (-16 - 105 - -19)?
90
6 + -10 + -1 - (-16 + 1 - (237 + -247))
0
Calculate -56 + 6 - (-17 - (-29 - -19)).
-43
Calculate -32 - -37 - (12 - -7 - 18).
4
What is the value of 1 + (-4 + -38 - -5) + -4 + -7 + 3?
-44
What is 490 + -420 + (-4 - 127)?
-61
Calculate (-3 + -6 + -26 - (-4 - 13)) + 6.
-12
41 - ((-11 - (-24 - -14)) + -7)
49
What is the value of (-183 - -171) + (-2 - -6) + 20 + -11?
1
Calculate (-1 - -1 - (3 - -1)) + 2 + -149 + 120.
-31
What is -16 + -1 + (6 + -3 - (17 - -82) - 8)?
-121
-4 + ((23 - 3) + -5 - -4)
15
Evaluate -32 + 7 + -22 + 25 + 16.
-6
Evaluate (-30 - -5) + (-3 + 22 - -52).
46
Evaluate -1 + -13 - (15 - (28 + -24) - 25).
0
Evaluate -30 + (-32 - -13) + 2 + -3.
-50
Calculate -20 + 1 - (-23 + 4 + 30 + 5).
-35
Evaluate -28 + -1 + (62 + 149 - 55).
127
14 - (23 - (40 + 8 - 10))
29
Calculate (13640 - 13579) + 0 + 0 + (-2 - (-8 - 1)).
68
What is (1 - -50) + -39 + 12 + 40 + 1?
65
Evaluate (-3 - 2) + (34 + -4 - 15) + -31 + 21.
0
Evaluate (-5 - 3 - (-7 + -2 + 3 + 11)) + -59.
-72
Calculate (5 - (-11 + 9 - -2)) + -4 - (39 - 11).
-27
What is the value of -74 - (170 - 155) - (-1 + -15)?
-73
What is the value of 10 + -5 - (-14 + 18 + 2 + 0 + -2)?
1
Evaluate 11 - (-7 + -7 - 0 - -32) - 43.
-50
Calculate (-82 + 291 - 166) + -3 + 35.
75
What is the value of (-3 - (-28 - (-15 + 2)) - 40) + 13?
-15
-37 + (6 - (8 + -18)) + 15 + -25
-31
What is (-173 - -128) + (2 - (-1 - (2 - 8)) - -14)?
-34
What is 163 + -24 + (-177 - -110)?
72
What is the value of 36 - (11 - (3 + -2 + -5))?
21
What is the value of 82 + -76 - (1 + 8) - 9 - (-25 - 1)?
14
What is 81 - 4 - (39 - (-3 + 16))?
51
Calculate -33 - (-15 + 38 - 32).
-24
15 + -9 - 49 - -24
-19
What is (9 + -12 - (-46 + 33)) + -2?
8
Calculate (17 + -31 - -11) + -25 + 1 - (1 - 5).
-23
Evaluate (40 + -67 - -48) + -38.
-17
Calculate 112 + -44 - 10 - -84.
142
-10 + (8 - (15 + 7)) + (10 - -2) + -48
-60
Calculate -3 + (-1 - (-4 - (1 - 10)) - 22) + 2.
-29
Evaluate 1 + 13 - (-138 - -160) - (8 - -23).
-39
(1 - -3) + (-22 - ((15 - -3) + -14 + 1))
-23
Evaluate 6 + -2 + 35 + (11 - (-13 - -23)).
40
What is -11 - (-2 - 8 - (-1 - -13)) - (-54 + 3)?
62
Evaluate 30 - (27 + -8) - (-5 + -3).
19
38 + (13 - 63) + -81
-93
What is -2 + 61 - (88 - (92 - 3))?
60
What is 66 - (-40 + 6) - (18 - -1)?
81
What is the value of ((-14 - (2 - 8)) + 3 - 43) + 12?
-36
Evaluate (72 - 17) + -7 - 59 - -33.
22
Calculate 27 + 138 + -187 + 11 + -2.
-13
55 + (21 - (-36 + 57)) + 17
72
What is 2694 + -2722 - (2 + -45)?
15
Calculate (-352 - -338) + (5 - 4) + -5.
-18
What is the value of 47 + 2 + (986 - 1011)?
24
What is 14 + -2 + (-10 - 1) + 16?
17
Evaluate -1 - (-1 - -10) - (-6 - (-8 + 12 - 44)).
-44
-648 + 693 - (19 + 0)
26
What is (4 - -1 - (-37 + 45)) + (-2 + -69 - 1)?
-75
What is the value of -37 + (104 - -4) + -63?
8
-57 + 48 - (-7 + -3 + 1 + 0) - 14
-14
Calculate 474 + -531 + (3 - -11).
-43
Evaluate 2508 + -2497 - (0 - ((-2 - 0) + 0)).
9
Evaluate 24 + (-104 + 72 - (-8 - 6)) - (38 + 0).
-32
What is 13 + -2 + (2 - 0) + -2 - 40?
-29
Calculate (-3 + -1 - (2 + -8)) + (1086 - 1037).
51
What is 0 + (-5 - 1) + (-105507 - -105461)?
-52
What is (-3 - 13) + (-112 - -116) + -73 - (2 + -2)?
-85
What is (2 - 7) + (-210 - -251) + -17?
19
What is 1 + 16 + (-2 + 1 - (41 - 33))?
8
What is (16 - (13 + 4 + -4)) + (20 - -51)?
74
What is (-33 - -1) + -3 + 28 - (-40 + -2)?
35
-10 + -6 + 7 + -1 + (-327 - -440)
103
Evaluate (-152 - -66) + 4 + 36.
-46
-10 + 1 + (11 - -3) + 22
27
106 - (-29 + 40) - ((1 - -1) + -3 + 6)
90
Calculate -235 + 190 + (40 + -40 - (-4 + 1 - -1)).
-43
-5 + (24 - (36 + -19 + 3))
-1
Calculate 77 - ((1 - 0) + 736 + -720).
60
Calculate (-60 - (-16 - 21) - -54) + -114.
-83
(18 - (-4 + (-4 - (10 - 25))) - 10) + -4
-3
What is the value of -2 - (-2 - -16) - (10674 + -10681 - (1 - -100))?
92
Evaluate (-14 + (6 - 3) - (622 + -676)) + 2 + 9.
54
(-95 - (-127 - -35)) + (-10 - (2 + -3))
-12
What is -11 - (1 - -1 - (44 - (79 - 45))) - 37?
-40
What is 2 + (-9 + 2 - -5) + -69 - (22 + -12)?
-79
107 + 1 + (88 + -32 - (159 + -105))
110
What is (-1105 - -1041) + (0 + 1 - 5)?
-68
What is the value of -9 - 58 - (25 + 25 + -22 - 22)?
-73
What is -67 + 7 + 441 + -369?
12
-3 - (-22 - (-13 - ((7 - 34) + 0)))
33
Evaluate -3 + 1 - (54 - (12 - (-17 + 13))).
-40
Evaluate (1 + -1 + 1 - 19) + -17086 + 17126.
22
0 + -3 - (3139 + -3135)
-7
What is the value of -2 + 2 + -3 + 0 - (-127 - -131)?
-7
Evaluate -62 + 96 + 66 - 58.
42
What is 17 - 4 - ((-16 - -13) + 17 + 78)?
-79
What is 36 + 3 + (-4 - (57 + -31)) + (-72 - -1)?
-62
12 - -1 - (12 + (-28 - -25) + 21)
-17
What is (-62 - (-2 - -2) - (56 - (29 + 12))) + -5?
-82
What is (-4 - -3) + 12 + 5 + -96 + 31?
-49
35 + (108 - -44 - 99)
88
Evaluate -31 + 7 + (-20 + 10 + -6 - -6) + -3.
-37
Evaluate 8 + 17 - 18 - (-2 - -13).
-4
What is -16 + (136 - 87) - (-2 + (-2 - -2))?
35
What is -166 + 57 + 33 + 38?
-38
Evaluate -104 - (5 + (-202 - -97)).
-4
Calculate (-83 - -160) + 11 + (14 - 41) + 17.
78
Evaluate -34 - ((-6 - (7 + -10)) + (11 - 10)).
-32
What is the value of 25 + -7 + -4 + -19 + 27?
22
(2 - (16 + 4)) + (163 - (-19 + 120))
44
Calculate 53 + 23 - 52 - 7.
17
What is 12 - 1 - (6 - (-3 + 57 - 17))?
42
(-9 - -4) + (5 - 9) - ((7 - 5) + -6)
-5
Calculate -54 + 18 + -71 + 70.
-37
Evaluate 0 + (-37 - (2 + -4)) - (-1038 + 1023).
-20
(30 - (-18 - 5)) + (-8 - 0) + -9
36
Evaluate 56 + 47 + -69 + -13.
21
Evaluate 4 + -64 + 42 + 32 + (5 - 7).
12
(37 - 76) + (-34 - -70)
-3
Evaluate -124 + (13 + -38 - -20) + 31.
-98
What is the value of 12 + (-2 + (8 - -2) - 28) + 47?
39
What is the value of 15 - -52 - -4 - (-46 + 35)?
82
Evaluate 24 - (35 + -20) - (-52 + 9).
52
Calculate -29 + -16 + -7 + 95 + (5 - 9) + 3.
42
What is -80 + 3 - (-715 + 675)?
-37
What is 1 + (-4 - (3 + -10)) - (-18 + -10 + -27)?
59
Evaluate (3 - ((12 - -16) + -14)) + 14 - (-36 + 2).
37
What is the value of -63 + (-31 - (116 - 179))?
-31
Calculate -24 + -43 + (44 - -67).
44
(9 + 